the tens digit of m?
6
Let d = -36 + 39. Suppose -w + 72 = d*w. What is the tens digit of w?
1
What is the tens digit of (-9 - (-171)/18) + 965/2?
8
Suppose 9*q = 8*q - 4*o + 613, -4*q + 2452 = -5*o. What is the tens digit of q?
1
Let p(z) = -9*z**3 - 2*z**2 + 1. Let l be ((-68)/(-51))/((-2)/(-3)). Suppose x = -5*i - 1, l*x = x + 4*i - 1. What is the units digit of p(x)?
8
Let v = -20 + 23. Suppose 4*x + 4*p = -192, -p + 0*p = v*x + 144. What is the units digit of 5 - 0 - 1 - x?
2
Let x(u) be the second derivative of -u**5/20 + 17*u**4/12 + 11*u**3/3 - 13*u**2 + 22*u. What is the units digit of x(18)?
6
Let i be 1*(-2 + 6)/2. Suppose -i*r - 3*f + 93 = -4*r, -f = -3*r - 129. Let q = -20 - r. What is the units digit of q?
2
Let h = 82 + 127. What is the hundreds digit of h?
2
Let k be (9 + -11)/((-2)/362). Let d be 4/(-10) - k/(-5). Suppose m = -5*m + d. What is the tens digit of m?
1
Let q = -240 + 106. Let d = q - -255. What is the units digit of d?
1
Let r(v) = v**2 + 4*v - 6. Let t be r(-6). Let j(m) = 2*m**2 + 4*m + 27. Let b be j(0). Let i = b - t. What is the units digit of i?
1
Suppose -3*x - 2*h = -3332, 4*x - 4*h - 1895 = 2541. Suppose 0 = 103*n - 98*n - x. What is the units digit of n?
2
Let y be -3 - (-1 + 2)*-13. Suppose -3*u + 3*s + y = -110, -s - 151 = -4*u. Suppose -2*h = -u + 1. What is the units digit of h?
8
Let o(c) = -c**3 - 7*c**2 + c - 16. What is the hundreds digit of o(-10)?
2
Let b(v) be the third derivative of v**5/60 + v**4/24 + 50*v**3 - 5*v**2. Let w be b(0). Suppose 7*o - w = 2*o. What is the units digit of o?
0
Let g be (-5 - (-5 + 1))*-16. Suppose 4*m - l - l = -8, -m - g = 3*l. What is the units digit of (-2 - m)*24/1?
8
What is the units digit of 719 + (-10)/20*4?
7
Let g(w) = -w**3 - w**2 + w + 3. Let b be g(0). Suppose -3*i = 2*f - 89, b*i + 4*f = -0*i + 97. What is the tens digit of i?
2
Let l be (-1)/(-2)*(10 - 0). Suppose 5*g + l*h - 215 = 0, 4*h - 74 = -5*g + 137. Suppose -2*a = a - g. What is the units digit of a?
3
Let x(f) = 8*f - 18*f**2 - 4 + f**2 + 27*f**2 + f**3. Let s be x(-9). What is the tens digit of 106/7 + s/(-35)?
1
Suppose 856 + 1133 = 9*u. Suppose l + u + 10 = o, 2*o + l = 465. What is the tens digit of o?
3
Let l(n) = -8*n - 21. Suppose 0 = -4*x + t - 37, -4*x + 5*t - 41 = -0*t. What is the tens digit of l(x)?
5
Let g(k) = 2 + 2*k**2 - 2*k - 9*k + 5*k. Let a be g(6). Let d = a - -2. What is the units digit of d?
0
Let n(j) = -4*j + 16. Let g(s) = -1. Let y(d) = -8*g(d) + n(d). What is the units digit of y(0)?
4
Let t = 10 - 8. Let y be t/(-9) + 1336/18. Suppose -5*o = -3*o - y. What is the tens digit of o?
3
Let n(v) = v**3 - 5*v**2 + 8*v + 41. What is the units digit of n(7)?
5
Let p(h) = -9 - 13 + 22*h + 23. What is the tens digit of p(1)?
2
Suppose -5*s = -17 + 2. Suppose 13 = s*r + 16. Let g = 9 + r. What is the units digit of g?
8
Suppose 2*c = 5*v - 3319 + 668, 0 = 3*v + 5*c - 1572. What is the hundreds digit of v?
5
Let h(f) = -f**3 + f**2 + f + 59. Let t be h(0). Let d = 208 - t. What is the units digit of d?
9
Suppose -375 = -5*t + 1635. What is the hundreds digit of t?
4
Suppose -37*o = -14*o - 24196. What is the thousands digit of o?
1
Let t(d) = 671*d**2 - 23*d - 40. What is the tens digit of t(-2)?
9
Suppose 7*z + 319 - 5786 = 0. What is the hundreds digit of z?
7
Suppose f + 3 = -0. What is the units digit of f + (-2 - 0) + 5 - -10?
0
Suppose 26*w = 30*w - 4. What is the units digit of (4264/(-39))/(4/(-3) + w)?
8
Let h = 1844 - -1501. What is the thousands digit of h?
3
Suppose -p - 3*n + 1 = -0, 0 = -n. Let l = -14 - -16. What is the units digit of (p + l)/(-3)*-7?
7
What is the tens digit of 1*(4 + (-918)/(-6))?
5
Let p(o) = -614*o - 11. What is the hundreds digit of p(-2)?
2
Let a(r) = -3*r**2 - 77*r + 23. What is the tens digit of a(-24)?
4
Suppose -6 = -4*l + l. Suppose -j - 3 = -l, 3*g = 5*j + 14. Suppose -g*h + 18 + 51 = 0. What is the tens digit of h?
2
Suppose 55 - 1715 = 5*d. Let u = d + 550. What is the units digit of u?
8
Let p(n) = n**2 - 20*n + 23. Let g be p(-24). Suppose 8*q - 673 = g. What is the units digit of q?
9
Suppose 4*w - 9 = w. Let s(t) = 4 - t + t**2 + w*t - t + 1. What is the units digit of s(0)?
5
Let k be ((-8)/5)/((-4)/30). Suppose -3*y + 3*o + k = 0, -2*y + 6*y - o - 13 = 0. Suppose 0 = -y*n + n - 2, 2*r = -n + 71. What is the units digit of r?
6
Let r = 680 - -307. What is the tens digit of r?
8
Let i(n) = -n - 9. Let w be i(-8). Let p = 34 - 35. What is the units digit of -1 + (w - (p + -17))?
6
Let a(v) be the third derivative of -1/3*v**3 + 25/24*v**4 + 0*v + 0 + 3*v**2. What is the tens digit of a(1)?
2
Suppose -229 - 323 = 3*a. Let f = a + 352. What is the units digit of f?
8
Suppose 68*p = 62*p + 90. Suppose -3*c + 233 = 5*d, 11*d - p*d - 20 = 0. What is the units digit of c?
6
Let c = 627 - 345. What is the hundreds digit of c?
2
Let s be (54/(-10))/((-3)/15). What is the tens digit of -452*(2*s/(-12) + 4)?
2
Let l = -1794 + 3554. What is the units digit of l?
0
Let b(u) = 27*u**2 - 59*u + 304. What is the hundreds digit of b(5)?
6
What is the hundreds digit of 7 - (-4 + 3 + -1445)?
4
Let b(g) = -5*g**2 + 13*g - 24. Let m(s) = -2*s**2 + 7*s - 12. Let y(f) = 3*b(f) - 7*m(f). What is the units digit of y(-5)?
7
Let x be (-4)/(-5)*(-5)/(-1). Suppose 0 = -5*g + 5*z + 395, 2*z - 109 = -g - 3*z. Suppose -4*k = 4*m - g, m - 3*m + x*k + 30 = 0. What is the tens digit of m?
1
Let s = -43 - -24. Let b = s - -53. What is the tens digit of b?
3
Let a(h) = -34*h + 28. Let r be a(-5). Suppose -867 = -3*u - r. What is the hundreds digit of u?
2
Let k(z) = -z**3 + 22*z**2 - 21*z + 121. What is the tens digit of k(19)?
0
Suppose -3*k = -5*q - k + 106, -2*q + 34 = 2*k. Suppose 76 = 4*t - q. Suppose 5*v + 4*w + w - 30 = 0, 4*v - t = -w. What is the units digit of v?
6
Let f(d) = 154*d + 142. What is the units digit of f(16)?
6
Suppose -2 = -3*s + 4. Let j = -575 + 595. Suppose -5*b + s*r + r = -81, -5*r + j = 2*b. What is the units digit of b?
5
Let t(k) = 19*k**2 - 3*k - 8. Let a be t(-4). Let q = a - 89. What is the hundreds digit of q?
2
Suppose 344 = 3*f - 5*d, -3*d = 2*f - 6*d - 230. Let q = f + 10. What is the units digit of q?
8
Suppose 0 = a + 4*n - 0*n, 0 = 2*a - 5*n. Suppose 0*k + 29 = m + 2*k, -4*m - k + 88 = a. What is the tens digit of m?
2
Let q = -4 - -4. Suppose 8*r = 3*r - 2*b, 25 = -5*b. Suppose -2*f = s - 5 - 9, r*s + 5*f - 24 = q. What is the units digit of s?
2
Suppose -7*k + 606 = -k. Let h = -5 + k. What is the tens digit of h?
9
Suppose -2*l = -17*b + 16*b - 9403, -2*b = -l + 4706. What is the units digit of l?
0
Suppose -z + c = -0*c + 501, 3*c + 992 = -2*z. Let h = z + 706. What is the tens digit of h?
0
Suppose -3*r - 17 + 29 = 0. Suppose r*k + 4*k - 672 = 0. What is the units digit of k?
4
Suppose -652 = -4*x + 2072. What is the tens digit of x?
8
Let h(x) = -x**3 + 6*x**2 + 10*x + 10. Let s(j) = j**2 - 1. Let z(r) = h(r) - 5*s(r). What is the hundreds digit of z(-5)?
1
Suppose 2*p + 4 = -0. Let m(h) = -8*h - 3*h + 14*h + 3*h**2 + 3. What is the units digit of m(p)?
9
Let v = 10 + -24. What is the units digit of (4 - 1)*-1*v?
2
Suppose -7 + 16 = 3*b. Suppose -4*n = -b*n - 26. What is the tens digit of n?
2
What is the tens digit of ((-45)/6 - -8)*4262?
3
Suppose -l = 2*l - 2*f + 10, 0 = -l - 3*f + 15. What is the tens digit of (24 + l - -1) + -2?
2
Let g = -829 - -3420. What is the units digit of g?
1
Let b = -310 + 712. What is the tens digit of b?
0
Let q(v) = -v**3 + 18*v**2 - 18*v + 12. Let h be q(17). What is the tens digit of (-3152)/(-80) + (-3)/h?
4
Suppose 48 + 36 = -3*p. Let f = p + 120. What is the tens digit of f?
9
Let n(h) = 138*h**2 - 4*h. Let x(f) = -139*f**2 + 5*f. Let a(v) = 3*n(v) + 2*x(v). What is the hundreds digit of a(1)?
1
Let l(j) = 2*j**3 - 5*j**2 + 4*j - 7. Let b be l(3). Let z = 62 - b. What is the tens digit of z?
4
Suppose -5*l - 28 = -j, -2*j + 3*l = -l - 26. Suppose -j*f + 180 = -2*p - p, 0 = -2*f - 4*p + 108. What is the units digit of f?
8
Suppose 2*g = -g + 588. Suppose 3*c - g = c. What is the units digit of c?
8
Suppose 2*v + 3*s - 23 = -0*v, 4*v - 4*s - 16 = 0. Let l(m) = 5*m - 5*m + 4*m - 5*m - m**2 + v. What is the units digit of l(0)?
7
Let y = 11 - -46. Suppose 3*c + y = -39. Let